e?
True
Is 132426886067 prime?
False
Is 22771541201 a composite number?
True
Is 41661315853 a prime number?
True
Is 780652793 composite?
True
Is 1611589601 a prime number?
False
Is 19455289699 prime?
True
Is 521943043 a prime number?
False
Is 343138463 a prime number?
True
Is 459447731 prime?
False
Is 30433029511 prime?
True
Is 44984227219 a composite number?
False
Is 2245168741 prime?
False
Is 1231822699 composite?
True
Is 1659155471 prime?
False
Is 11588935979 a prime number?
True
Is 118209869 composite?
False
Is 8908346047 a composite number?
False
Is 335920367 a prime number?
True
Is 9569169061 prime?
True
Is 3069145169 prime?
True
Is 835251931 a prime number?
False
Is 1633664797 a composite number?
False
Is 6538738873 a prime number?
True
Is 16809047839 composite?
False
Is 817119571 composite?
True
Is 15620867029 composite?
False
Is 41826042067 prime?
True
Is 33135764689 composite?
True
Is 13642416166 prime?
False
Is 45704151865 prime?
False
Is 4452126521 a composite number?
True
Is 656950709 a prime number?
True
Is 755130433 a composite number?
True
Is 4632557521 prime?
True
Is 123874029817 a composite number?
False
Is 3316426007 prime?
True
Is 11393382487 a prime number?
False
Is 16110597983 prime?
False
Is 2371264031 a composite number?
True
Is 3551906447 a composite number?
False
Is 127786740151 composite?
True
Is 159693454321 composite?
False
Is 220269497 composite?
True
Is 831495527 a prime number?
False
Is 154477415 a composite number?
True
Is 329349577 a prime number?
False
Is 12478901109 composite?
True
Is 2626927637 prime?
True
Is 7523045963 prime?
True
Is 8778661607 composite?
False
Is 5191467443 composite?
True
Is 490412569 prime?
False
Is 4888155319 a prime number?
True
Is 90800018051 a prime number?
True
Is 195407371 a prime number?
True
Is 183310277 prime?
True
Is 191677237 prime?
False
Is 3526379457 a prime number?
False
Is 12926645089 composite?
True
Is 1048521221 a composite number?
True
Is 97658315 a composite number?
True
Is 2339806517 a prime number?
True
Is 493661669 a prime number?
True
Is 2129021331 prime?
False
Is 206229197 composite?
True
Is 4613179457 prime?
True
Is 19387729 a prime number?
True
Is 38664317389 prime?
True
Is 350572381 prime?
True
Is 392771569 prime?
True
Is 100307725619 a prime number?
True
Is 52606547509 a composite number?
True
Is 304358501 a prime number?
False
Is 24110910079 a prime number?
False
Is 96288299 a composite number?
True
Is 389158681 a composite number?
True
Is 442145867 composite?
True
Is 13108811 a prime number?
True
Is 300866297 composite?
False
Is 429426653 prime?
True
Is 449796959 composite?
True
Is 726035459 composite?
False
Is 53248201829 prime?
True
Is 7262417759 a prime number?
True
Is 2172252397 composite?
True
Is 1869521677 a prime number?
False
Is 19488317 a composite number?
True
Is 922665883 prime?
False
Is 718334129 prime?
True
Is 17813453113 a prime number?
True
Is 36357574951 prime?
True
Is 44152205 a prime number?
False
Is 930973271 prime?
True
Is 45949339873 a prime number?
False
Is 118149859277 a prime number?
False
Is 2094321017 prime?
False
Is 537506338 prime?
False
Is 131312099 a prime number?
False
Is 347826883 composite?
True
Is 6579437691 prime?
False
Is 125449770829 prime?
True
Is 10941266047 composite?
False
Is 136103011421 a prime number?
False
Is 2376856739 a prime number?
True
Is 1457824441 prime?
True
Is 39288586511 a composite number?
False
Is 3496937777 prime?
True
Is 2192921683 composite?
True
Is 22920949 composite?
True
Is 97818917 a composite number?
True
Is 570885773 a prime number?
True
Is 42323908217 prime?
True
Is 663784777 composite?
False
Is 1036702473 composite?
True
Is 18081747454 composite?
True
Is 394646353 a composite number?
False
Is 6353108549 composite?
False
Is 920644961 prime?
True
Is 12726021697 prime?
False
Is 21639824761 a composite number?
False
Is 15841451 a composite number?
True
Is 884430167 composite?
False
Is 28019059927 composite?
False
Is 1245347681 composite?
True
Is 2801302187 a composite number?
False
Is 602397511 a composite number?
False
Is 926251177 prime?
False
Is 436235574239 a composite number?
False
Is 137303627 composite?
False
Is 15098320969 composite?
True
Is 7290151543 a composite number?
False
Is 7037375285 prime?
False
Is 115813267 a composite number?
True
Is 57821873 prime?
True
Is 49729359887 a prime number?
False
Is 9931095709 a prime number?
True
Is 15734466357 a composite number?
True
Is 3258049183 composite?
True
Is 46082815991 a composite number?
False
Is 159025421 composite?
True
Is 122643863 a prime number?
False
Is 13465926797 a composite number?
True
Is 10455427039 a composite number?
True
Is 12470099777 a prime number?
False
Is 7976107121 prime?
False
Is 16302226351 a composite number?
False
Is 178797473 composite?
True
Is 26889579697 composite?
True
Is 2091581 a composite number?
False
Is 47458906303 composite?
True
Is 178648468153 composite?
True
Is 3960732733 prime?
False
Is 2268944263 a composite number?
False
Is 690179239 a prime number?
False
Is 1520317441 a prime number?
False
Is 29588332343 prime?
True
Is 283081426 prime?
False
Is 642439081 prime?
False
Is 471263959 prime?
True
Is 805143901 a prime number?
True
Is 1617294137 prime?
True
Is 8718301469 a prime number?
False
Is 372787848647 a prime number?
False
Is 625828813 a composite number?
False
Is 4851440777 a composite number?
True
Is 119351100665 composite?
True
Is 38323559249 composite?
False
Is 21046989269 a prime number?
True
Is 320940857 composite?
True
Is 75022561343 a composite number?
False
Is 2091800713 a composite number?
False
Is 50353319 a composite number?
True
Is 778933459 composite?
False
Is 88192079009 a prime number?
True
Is 7404552751 prime?
True
Is 10861350911 composite?
False
Is 1646018447 composite?
True
Is 13385929117 composite?
True
Is 64092155401 a prime number?
False
Is 2121247823 a composite number?
True
Is 2564251161 composite?
True
Is 1580844673 prime?
True
Is 3526811879 a prime number?
True
Is 32466820777 composite?
False
Is 1130071373 a prime number?
True
Is 37223057089 a prime number?
True
Is 926472139 a prime number?
True
Is 205304713 a composite number?
True
Is 3647996327 a prime number?
True
Is 4872578323 a prime number?
False
Is 135446321 prime?
False
Is 13713801511 composite?
True
Is 7630675571 a prime number?
False
Is 60028353107 a composite number?
True
Is 361789661 a prime number?
False
Is 2403851891 prime?
False
Is 11642896273 a prime number?
True
Is 461704583 composite?
True
Is 4706882827 a prime number?
True
Is 2093834437 prime?
True
Is 5314114843 a composite number?
False
Is 1628530171 prime?
False
Is 1078073933 composite?
True
Is 67235009 a composite number?
False
Is 42946007 composite?
True
Is 6585404869 composite?
True
Is 133212137 prime?
False
Is 133620467 a prime number?
False
Is 1053491353 composite?
False
Is 8674536169 prime?
False
Is 1456858033 a composite number?
False
Is 227734733 a prime number?
True
Is 493765343 a prime number?
True
Is 17169575791 a prime number?
False
Is 37741981037 a prime number?
True
Is 438737107 a prime number?
True
Is 3752126611 a prime number?
True
Is 43602413609 a composite number?
False
Is 2232133663 composite?
False
Is 204632736793 composite?
True
Is 30080027479 a composite number?
True
Is 423243218 composite?
True
Is 47069743085 a composite number?
True
Is 134034337 prime?
True
Is 221227941639 prime?
False
Is 4818029383 prime?
True
Is 519652181 a composite number?
True
Is 3057187213 prime?
False
Is 342798593 a composite number?
False
Is 35545705469 a composite number?
True
Is 4302675379 prime?
False
Is 962147501 composite?
True
Is 13251914089 composite?
False
Is 2939610957 a composite number?
True
Is 29271590317 prime?
True
Is 591731911 composite?
False
Is 37230767947 a prime number?
False
Is 57483752861 a composite number?
False
Is 276726913 a composite number?
False
Is 122174877469 composite?
False
Is 275425734313 a prime number?
False
Is 846222239 a composite number?
False
Is 2882964055 a prime number?
False
Is 30623414741 composite?
True
Is 13177028173 a prime number?
True
Is 17834021243 composite?
True
Is 14014847109 a prime number?
False
Is 37527426317 a prime number?
True
Is 53056349591 a composite number?
True
Is 138824297921 prime?
